se -y = 25*t - 39*t. What is the greatest common factor of 3 and t?
3
Suppose 7*m = 223 - 13. Suppose 3*v + 0*v = 12. Let q = m - v. Calculate the greatest common factor of q and 65.
13
Let n = -2165 - -2191. What is the highest common divisor of 1742 and n?
26
Let h = 278 + 294. Suppose h = b + 21*b. What is the greatest common divisor of 78 and b?
26
Let r be 1 + 13 + 0 + -10 + 5. Let z be (-1668)/(-8) + (-2)/(-4). Let y = 353 - z. Calculate the greatest common factor of r and y.
9
Let h = -240 - -372. Let a = 444 - h. What is the greatest common factor of 24 and a?
24
Let z(a) = a**2 - 6*a - 18. Let b(q) = -3*q**2 + 18*q + 58. Let m(f) = 2*b(f) + 7*z(f). Let n be m(-4). Calculate the greatest common factor of n and 60.
30
Suppose -4*t + 556 = 5*h - 1686, 3*t = 4*h - 1806. What is the highest common factor of 825 and h?
75
Suppose 2*x - 4*c - 60 = -44, 0 = 3*x - 5*c - 27. Calculate the greatest common factor of x and 12971.
7
Let c(v) = -2*v**3 - 5*v**2 - 15*v + 80. Let f be c(0). Let g be 159/4 + (-3)/(-12). Calculate the highest common divisor of g and f.
40
Suppose -183 = 2*j + 981. Let w = -580 - j. Calculate the highest common divisor of 3 and w.
1
Let f = -17 + 18. Let q be ((-1)/3)/(f/9). Let g(p) = -6*p + 5. Let h be g(q). Calculate the greatest common divisor of 253 and h.
23
Let n(g) = -g**3 - 3*g**2 - 6*g + 6. Let d be n(-6). Let q be (-42 - -62)/(2/3). What is the greatest common factor of q and d?
30
Let s be (-1)/7 + 288/56. Suppose 5*w - s*l = -7*l + 2119, -w + 417 = -3*l. What is the greatest common factor of 9 and w?
9
Let f(q) = 6*q - 115 - 8*q - 8*q - 3*q. Let n be f(-9). What is the highest common divisor of n and 2?
2
Let l = 15 - 0. Suppose -2*k - 6 = -5*j, 4*j - 5*j - 5*k = l. Suppose j = 5*n + 5 + 5, 2*s - 136 = -n. Calculate the highest common factor of s and 23.
23
Let s = 206 - 202. Suppose 8*c - 7*c - 14 = -2*w, -s*c - w + 49 = 0. Suppose 0 = 2*p - 124 + 4. What is the highest common divisor of c and p?
12
Suppose 0 = 9*o - 203 - 580. Let c = o - 60. Let g be ((-6)/(6 - 0))/((-1)/c). Calculate the highest common divisor of g and 45.
9
Suppose 127*s + 3840 = 191*s. What is the greatest common divisor of 5790 and s?
30
Suppose -5*p + 240 = 5*n, -4*p + 143 = 2*n - 49. Suppose 3*t - 23 - 10 = 0. Suppose 11*z = -t*z + 704. What is the highest common divisor of p and z?
16
Suppose -5*w - 35 = 0, 3*y + 2*w - 672 = 130. What is the greatest common divisor of 1808 and y?
16
Suppose -34*w + 1266 = -3511 + 901. Calculate the highest common factor of 15 and w.
3
Let k(v) = -8*v - 177. Let x be k(-24). What is the highest common divisor of 105 and x?
15
Let u = -2195 - -2215. What is the highest common divisor of u and 4130?
10
Suppose 5*d = -2*d - 10*d + 48008. What is the highest common divisor of 8 and d?
8
Let l(b) = b**2 - 2*b - 13. Let g be l(5). Let d be (54/36)/(g/260). What is the highest common factor of d and 30?
15
Suppose 0*a + 104 = 4*a. Let r = -262 - -444. What is the highest common factor of r and a?
26
Suppose 2*o + 2*c = 30, 3*o - 50 = -2*c - 2*c. Suppose -90 = 4*t - o. Let j = t - -30. What is the greatest common factor of j and 50?
10
Let i be (-195)/(-6) + -2 - 13/26. Suppose -2*a = 3*s - 49, 3*a + 7 = 4*s - i. Let v be 813/9 + 2/3. Calculate the highest common factor of v and s.
13
Let a(l) = -l**2 + 6*l - 7. Let u be a(3). Calculate the highest common divisor of 62 and u.
2
Suppose 0 = 4*d - 2*h - 42, -d - h = -0*d - 6. Let k = d - 7. Let l be k - (13/(-26))/(1/28). What is the highest common divisor of l and 40?
8
Suppose -4*i - 3*r = -62, 5*r = 4*i - 8 - 38. Calculate the highest common divisor of 10388 and i.
14
Let z = -35 + 59. Suppose 7033*d - n = 7038*d - 436, 5*d - 3*n - 372 = 0. What is the highest common factor of z and d?
12
Let m be 10/6 + -40 + 8959/93. Calculate the highest common factor of m and 106.
2
Let g(h) = 7*h**2 - 340*h + 148. Let u be g(50). Calculate the highest common factor of u and 504.
72
Let d = 16 + -10. Let f be ((-4)/d)/(24/(-108)). Suppose g = f*g - 72. What is the highest common factor of g and 18?
18
Suppose -15*t + 19*t = -1040. Let m = t + 728. What is the highest common factor of 18 and m?
18
Let d(s) = -s - 2. Let v be d(-22). Suppose 3*h = -20 + v. Suppose h = -4*i + 82 + 86. What is the greatest common factor of i and 462?
42
Let w = -15696 + 15760. What is the greatest common divisor of 1168 and w?
16
Let x(n) = n**2 + n + 11. Let d be (4/(-16)*0)/(-2). Let f be x(d). Suppose -3*g + 2*g + 352 = 4*a, 0 = -2*g. Calculate the highest common factor of f and a.
11
Let q(x) = 6*x - 38. Let n be q(7). Suppose n*p - 7 = i, -2*p - 5*i = -2*i - 7. Suppose k - 288 = -p*k. What is the greatest common factor of k and 12?
12
Let o be 13167/1323 - 5/(-105). Let j be (3 + -2)/(2/(-14)). Let x = -2 - j. What is the greatest common factor of o and x?
5
Let q(u) = -51*u - 355. Let r be q(-7). Let k be (-6)/2 + 10*1. Calculate the highest common factor of r and k.
1
Let w be (38014/18 - -4) + (-8)/(-72). Suppose -w*u = -2120*u + 2064. What is the greatest common divisor of u and 36?
12
Let y = 1865 + -1243. Let n = 625 - y. What is the highest common factor of 4 and n?
1
Let q be -22 - (374/22 - 462). What is the greatest common factor of 2491 and q?
47
Let s(m) = -2*m**2 - 24*m + 6. Let t(z) = -8*z + 16. Let r be t(3). Let v be s(r). Let i = v + -55. What is the highest common divisor of 5 and i?
5
Suppose 23 = -5*f - 42. Let s = f + 16. Suppose s*m - 50 = 2*m. Calculate the greatest common factor of m and 20.
10
Let t be ((-592)/(-111))/((-5)/(-30)). Calculate the highest common factor of t and 6304.
32
Suppose -274 = -4*n - 54. Let k be (-7580)/(-230) - (-3)/69. What is the greatest common factor of n and k?
11
Suppose 3*y - 4*y + h = -9, -y = -3*h + 1. Suppose 6*n - 9*n + 4032 = 0. Let u be n/40*10/3. What is the greatest common divisor of y and u?
14
Let v(t) = 13*t**2 + 20*t - 1. Let n be v(3). Let o = n - 38. Calculate the greatest common factor of 6 and o.
6
Let s(l) = -52*l + 832. Let d be s(5). Calculate the greatest common factor of 2 and d.
2
Suppose 55457 + 3040 = 20*a - 43963. Calculate the highest common factor of 218 and a.
109
Suppose 0 = -t - 2*h + 1, -16*t - 5*h + 10 = -12*t. Suppose -3*m + 157 = t*q, -14*q + 152 = 3*m - 10*q. What is the greatest common factor of m and 4?
4
Let o(d) = -d**3 + 3*d + 2. Let x be o(-2). Suppose 0 = x*f - f - 9. Let p be 28 - f/3*4. Calculate the highest common divisor of 6 and p.
6
Let h be (-1 - 0 - 38/(-8))/((-660)/(-6160)). Calculate the highest common divisor of 13510 and h.
35
Let z(j) = 11*j**2 - 5*j - 311. Let x(i) = 4*i**2 - 2*i - 104. Let l(u) = -8*x(u) + 3*z(u). Let y be l(11). Calculate the highest common divisor of y and 496.
31
Let y be (-17)/(-8)*86 - 4/(-16). Suppose -r + 4*k + 0*k = -142, -473 = -4*r - 3*k. Calculate the highest common factor of r and y.
61
Let z = -3 - -9. Suppose -z = 3*i, -3*n - 5*i = -2*n. Let l(a) = -32*a**2 + 200*a - 18. Let h be l(6). What is the highest common factor of h and n?
10
Let m be (-88)/(-20) - (-36)/60. Suppose 25*t - 30*t - 2*y + 280 = 0, 0 = -m*t - 4*y + 290. Calculate the highest common divisor of t and 4.
2
Suppose 3*g = -4*u + 8748, -5*g - 16*u = -19*u - 14551. What is the greatest common divisor of 91 and g?
91
Suppose q = 8 - 1. Suppose 0 = -415*r + 411*r + 2*f + 2858, 6*f = -5*r + 3683. Calculate the highest common divisor of r and q.
7
Let d be 486 + ((-10)/20)/((-2)/(-20)) + 9. Calculate the highest common factor of d and 410.
10
Let a be ((-12)/(-22))/(35 - (-26163)/(-748)). What is the highest common divisor of 3396 and a?
12
Let l = 4975 - 4627. Calculate the greatest common factor of 5046 and l.
174
Let n(q) = q**2 + 2*q + 11. Let d be n(8). Let l = d - 64. What is the greatest common factor of 243 and l?
27
Let w be (-55385)/(-165) - 6/9. What is the highest common factor of w and 268?
67
Let m be 6/21*7*-4. Let t be 896/(m - -9) + -5. What is the highest common factor of t and 33?
33
Let l = -13 + 30. Suppose 150*s - 12848 - 2758 = 48*s. Calculate the greatest common factor of s and l.
17
Let v = 127 - 76. Let z be -21 - 11 - -28 - 356/(-4). What is the highest common factor of v and z?
17
Let t = 5794 + -4848. What is the greatest common factor of 374 and t?